101001101
What is 1001100100 (base 2) in base 9?
750
Convert 100210 (base 3) to base 10.
264
1265 (base 9) to base 5
12300
1b42 (base 13) to base 6
31010
Convert 1106 (base 8) to base 13.
35a
What is -55114 (base 7) in base 16?
-35d4
Convert -33023 (base 4) to base 16.
-3cb
Convert 14031 (base 5) to base 7.
3220
What is 114050 (base 7) in base 3?
1001021112
627a (base 11) to base 4
2001323
What is -1010010111101101 (base 2) in base 9?
-64236
What is -681 (base 14) in base 13?
-782
Convert -41 (base 14) to base 7.
-111
Convert -71 (base 12) to base 9.
-104
340230 (base 5) to base 13
5586
What is 11305 (base 8) in base 3?
20120222
Convert -1768 (base 9) to base 6.
-10142
What is 83b (base 14) in base 10?
1621
What is 2211102120 (base 3) in base 9?
84376
What is -70b5 (base 16) in base 10?
-28853
What is 244011 (base 5) in base 4?
2100220
Convert -6414 (base 10) to base 2.
-1100100001110
-975 (base 10) to base 16
-3cf
-c0 (base 16) to base 12
-140
22005 (base 8) to base 14
3509
-696 (base 11) to base 10
-831
What is -665 (base 7) in base 3?
-110122
Convert 5130 (base 11) to base 15.
203e
Convert -100200221 (base 3) to base 11.
-534a
-26262 (base 9) to base 10
-17714
Convert -5b6 (base 13) to base 7.
-2620
What is -6558 (base 11) in base 4?
-2013032
-55526 (base 9) to base 12
-19413
cbb6 (base 15) to base 7
236535
Convert -1b3 (base 14) to base 8.
-541
83 (base 10) to base 9
102
-3b9 (base 16) to base 14
-4c1
Convert 72b (base 12) to base 16.
413
Convert 1008 (base 9) to base 5.
10422
Convert -3c6c (base 15) to base 12.
-7593
Convert -24c1 (base 14) to base 5.
-201231
Convert -101010101 (base 2) to base 12.
-245
2624 (base 7) to base 5
12443
1001110111101 (base 2) to base 10
5053
Convert -2e44 (base 16) to base 4.
-2321010
-314 (base 8) to base 5
-1304
Convert -34c3 (base 14) to base 7.
-35533
What is -7451 (base 13) in base 12?
-93b5
What is -30220 (base 8) in base 10?
-12432
What is 122200 (base 4) in base 16?
6a0
What is 1447 (base 8) in base 11?
674
8173 (base 10) to base 16
1fed
Convert 2442 (base 10) to base 12.
14b6
What is 754 (base 11) in base 9?
1216
What is 2d (base 15) in base 9?
47
1245 (base 15) to base 12
2302
Convert -150411 (base 6) to base 8.
-34107
Convert 11101000100 (base 2) to base 7.
5265
What is 1000 (base 2) in base 5?
13
Convert 1220 (base 7) to base 13.
290
Convert 9b7b (base 12) to base 4.
10031033
Convert 611 (base 12) to base 15.
3d7
Convert 2004420 (base 5) to base 8.
76164
What is -1520 (base 7) in base 6?
-2442
Convert -31223 (base 4) to base 6.
-4015
140 (base 5) to base 2
101101
Convert 40664 (base 7) to base 15.
2e2e
-211022 (base 3) to base 9
-738
Convert -2272 (base 8) to base 14.
-626
-67433 (base 8) to base 3
-1110000110
What is 83d (base 14) in base 16?
657
Convert 100010100111111 (base 2) to base 5.
1031402
Convert 12e04 (base 16) to base 11.
530a8
1025 (base 10) to base 14
533
What is 2f20 (base 16) in base 6?
131504
-1051 (base 10) to base 3
-1102221
Convert -2100 (base 7) to base 8.
-1337
What is -1b7 (base 12) in base 7?
-553
Convert -22122 (base 5) to base 16.
-601
What is 10001010111 (base 2) in base 16?
457
428 (base 10) to base 4
12230
-839a (base 11) to base 4
-2231300
207 (base 16) to base 3
201020
What is 4368 (base 10) in base 16?
1110
Convert -538a (base 14) to base 3.
-201210110
-3842 (base 9) to base 7
-11243
1eb (base 16) to base 10
491
5205 (base 6) to base 14
5c9
What is 1122 (base 4) in base 9?
110
-21222 (base 5) to base 10
-1437
What is 5572 (base 9) in base 16?
1013
Convert 1210020 (base 3) to base 14.
690
Convert 1629 (base 12) to base 6.
20053
404 (base 7) to base 3
21102
Convert b059 (base 16) to base 11.
30a11
What is 247 (base 10) in base 2?
11110111
What is 33232 (base 4) in base 5?
13011
What is -3172 (base 16) in base 14?
-4882
What is 45cd (base 16) in base 11?
12475
Convert 7137 (base 10) to base 6.
53013
Convert 3223311 (base 4) to base 10.
15093
Convert 4596 (base 10) to base 4.
1013310
Convert 3004 (base 11) to base 7.
14440
1213 (base 14) to base 3
11022210
Convert 20743 (base 9) to base 16.
35a0
-128 (base 11) to base 14
-ab
Convert -9f8 (base 16) to base 8.
-4770
Convert 9b7 (base 15) to base 9.
3011
What is 1101000111 (base 2) in base 6?
3515
Convert 2418 (base 10) to base 8.
4562
Convert 4565 (base 9) to base 4.
310310
77a (base 14) to base 16
5c8
Convert -24b (base 12) to base 13.
-209
Convert -293b (base 13) to base 6.
-43341
2100220 (base 3) to base 16
6bd
Convert 17a9 (base 11) to base 4.
203321
Convert 14109 (base 10) to base 2.
11011100011101
Convert -11100110101 (base 2) to base 12.
-1099
Convert 2a2 (base 12) to base 2.
110011010
Convert 346 (base 16) to base 4.
31012
Convert 155 (base 9) to base 5.
1011
1121 (base 5) to base 2
10100001
-1253 (base 6) to base 8
-501
What is -1207 (base 8) in base 3?
-212222
Convert 737 (base 8) to base 10.
479
What is -161142 (base 7) in base 6?
-402243
2163 (base 7) to base 10
780
-22010131 (base 4) to base 14
-11061
What is -10110011110 (base 2) in base 7?
-4123
Convert -12140 (base 5) to base 12.
-648
Convert 194a (base 14) to base 5.
121244
Convert 75 (base 8) to base 13.
49
Convert 11860 (base 9) to base 5.
223432
What is -1ba (base 15) in base 12?
-294
What is 1bd (base 16) in base 6?
2021
Convert 5124 (base 15) to base 16.
42ee
a6e (base 15) to base 14
c02
-4413 (base 11) to base 9
-7878
Convert 3230321 (base 4) to base 14.
574d
-100100001101001 (base 2) to base 6
-221453
-10001010011111 (base 2) to base 16
-229f
What is a01 (base 11) in base 7?
3350
What is -10011 (base 4) in base 12?
-199
What is -492 (base 15) in base 14?
-541
Convert 2022000 (base 3) to base 12.
b76
Convert 466 (base 11) to base 4.
20230
What is 1471 (base 8) in base 2?
1100111001
What is a604 (base 11) in base 8?
33330
-d442 (base 15) to base 11
-30761
15f2 (base 16) to base 7
22244
2552 (base 6) to base 4
22010
-43410 (base 7) to base 8
-25124
-33a6 (base 11) to base 10
-4472
What is -2323130 (base 4) in base 14?
-452c
210426 (base 8) to base 9
115807
Convert 9049 (base 16) to base 4.
21001021
9005 (base 13) to base 11
13950
-37711 (base 11) to base 15
-11069
What is 2216 (base 7) in base 12?
565
What is 28644 (base 9) in base 14?
7156
What is -22101 (base 7) in base 11?
-4185
What is -2012000 (base 3) in base 10?
-1593
-2024 (base 9) to base 12
-a34
-31415 (base 6) to base 14
-17a3
551 (base 13) to base 9
1222
Convert 12 (base 6) to base 7.
11
Convert 33570 (base 9) to base 10.
22338
Convert 1146 (base 7) to base 5.
3201
7cd4 (base 16) to base 9
47746
What is 38253 (base 12) in base 8?
225137
-241112 (base 5) to base 15
-298c
-327 (base 14) to base 13
-38c
Convert -842 (base 14) to base 16.
-65a
What is -2e99 (base 15) in base 2?
-10011100111100
-1206 (base 8) to base 4
-22012
Convert 20210 (base 3) to base 11.
157
210001011 (base 3) to base 13
6ca0
What is 2f (base 16) in base 7?
65
What is 56313 (base 8) in base 7?
126154
Convert -17066 (base 10) to base 6.
-211002
20420 (base 11) to base 4
13101130
Convert 101000111 (base 2) to base 10.
327
What is 261 (base 7) in base 11?
119
Convert -16c1b (base 14) to base 4.
-31332221
Convert -10111211 (base 3) to base 12.
-1594
What is 35a (base 16) in base 4?
31122
Convert 202022100 (base 3) to base 4.
3213111
What is 2255 (base 8) in base 14?
617
Convert -487 (base 15) to base 16.
-403
21411 (base 12) to base 2
1010101100001101
What is -86dc (base 15) in base 2?
-110111110001101
Convert -11223 (base 4) to base 7.
-1026
What is 200101221 (base 3) in base 13?
6151
What is 331001 (base 5) in base 14?
4208
110200 (base 3) to base 5
2332
Convert -2301 (base 4) to base 8.
-261
Convert 6353 (base 7) to base 13.
1037
Convert 1000101100010011 (base 2) to base 8.
105423
Convert -1769 (base 11) to base 5.
-33003
What is -615 (base 8) in base 9?
-481
Convert -16426 (base 10) to base 7.
-65614
-252035 (base 6) to base 2
-101011111010111
What is -1011001010001 (base 2) in base 10?
-5713
What is 101000010 (base 2) in base 8?
502
13035 (base 6) to base 11
1529
Convert -2531 (base 12) to base 13.
-1bc1
17215 (base 8) to base 6
100113
-1704 (base 16) to base 7
-23115
Convert 5462 (base 9) to base 12.
23b5
What is -79c5 (base 15) in base 3?
-1022102212
What is -1ba (base 12) in base 14?
-166
Convert -3013303 (base 4